i**2 + 57*i - 1164. Determine q(-43).
83
Let p(v) = -2*v**3 - 113*v**2 + 57*v + 4. Give p(-57).
4
Let a(k) = -2*k**2 + 56*k - 402. Give a(13).
-12
Let k(w) = 9*w + 19. What is k(-14)?
-107
Let n(o) = 89*o + 13611. Give n(-153).
-6
Let b(n) = 76*n - 85. Give b(1).
-9
Let z(m) = -m**3 - 6*m**2 + 27*m + 37. Calculate z(-9).
37
Let f(o) = -o**3 - 33*o**2 + 146*o - 74. Give f(-37).
0
Let z(d) = 6*d**2 + 101*d + 64. Determine z(-16).
-16
Let c(g) = 531*g - 2602. What is c(5)?
53
Let v(z) = -3*z**2 - 732*z + 1476. Give v(-246).
0
Let y(x) = -8*x**2 + 52*x - 15. Give y(7).
-43
Let p(f) = 85*f + 426. What is p(-5)?
1
Let a(f) = -f**3 + 63*f**2 + 75*f - 705. What is a(64)?
-1
Let x(n) = -n**3 + 2*n**2 + 206*n - 1241. Determine x(6).
-149
Let z(v) = 38*v - 974. Determine z(23).
-100
Let t(x) = -581*x**2 - 3489*x - 24. Give t(-6).
-6
Let l(g) = -8*g**2 + 73*g + 7. Determine l(9).
16
Let p(w) = 7*w + 136. Give p(0).
136
Let f(k) = -3*k**3 + 6*k**2 - 5*k + 5. Calculate f(2).
-5
Let k(j) = j**2 + 671*j + 17979. Determine k(-28).
-25
Let p(y) = 142*y + 1566. Calculate p(-11).
4
Let p(a) = -a**2 - 187*a + 11849. Determine p(50).
-1
Let p(i) = -2*i**3 + 44*i**2 - 41*i + 24. Determine p(21).
45
Let z(x) = -16*x + 6. What is z(-16)?
262
Let d(c) = -72*c - 746. Determine d(-12).
118
Let z(a) = a**3 - 15*a**2 + 46*a - 36. Give z(4).
-28
Let q(n) = -131*n + 6547. Calculate q(50).
-3
Let l(i) = -i**3 - 24*i**2 - 24*i + 17. Calculate l(-23).
40
Let x(u) = -22*u - 584. Determine x(-24).
-56
Let n(q) = 41*q + 70. Determine n(0).
70
Let s(c) = -12*c**2 - 1257*c + 1595. What is s(-106)?
5
Let f(x) = -21*x**2 - 73*x + 24. Determine f(-4).
-20
Let t(p) = 103*p + 587. What is t(-5)?
72
Let d(i) = -98*i + 501. Give d(5).
11
Let m(b) = -2*b**3 - 10*b**2 - 17*b - 6. Calculate m(-2).
4
Let h(p) = p**2 + 11*p + 4. What is h(-4)?
-24
Let r(a) = 2*a**2 + 221*a + 3064. Determine r(-94).
-38
Let r(l) = l**3 + 6*l**2 - 29*l + 5. Determine r(5).
135
Let l(n) = 30*n**3 - 2*n**2 + n. Determine l(1).
29
Let d(m) = 28*m - 101. Calculate d(3).
-17
Let r(s) = -2*s**2 - 60*s - 6. Give r(-28).
106
Let b(c) = -125*c**2 + 36*c - 27. Calculate b(-3).
-1260
Let i(k) = 66*k + 4629. Determine i(-70).
9
Let a(q) = q**3 + 3*q**2 - 52*q - 240. Determine a(-5).
-30
Let z(w) = w**2 - 58*w + 672. Give z(43).
27
Let x(v) = -84*v + 414. Calculate x(3).
162
Let l(q) = -2*q**2 - 133*q - 1142. Give l(-10).
-12
Let s(p) = p**2 - 42*p + 284. What is s(33)?
-13
Let v(r) = 2*r**2 - 56*r - 125. Calculate v(42).
1051
Let s(n) = -n**3 - 19*n**2 + 29*n - 35. What is s(-21)?
238
Let x(d) = -d**2 + 65*d + 3219. Give x(98).
-15
Let d(g) = 2*g**3 + g**2 + 9*g + 61. Give d(-3).
-11
Let t(g) = -5*g**3 + 110*g**2 - 15*g + 122. Determine t(22).
-208
Let d(x) = 1213*x + 7205. Determine d(-6).
-73
Let k(f) = f**3 - 10*f**2 + 19*f - 8. Give k(4).
-28
Let y(b) = 57*b + 789. What is y(-14)?
-9
Let s(z) = 8*z**2 - 111*z - 136. What is s(12)?
-316
Let g(v) = 2*v**3 - 21*v**2 - 24*v + 144. Give g(11).
1
Let k(d) = -d**3 + 25*d**2 - 119*d + 26. Calculate k(21).
-709
Let r(a) = 2436*a + 133971. Calculate r(-55).
-9
Let t(l) = -1554*l - 7766. What is t(-5)?
4
Let s(x) = x**3 - 12*x**2 - 87*x - 19. Give s(-5).
-9
Let y(n) = -n**3 + 91*n**2 - 1656*n + 120. Determine y(25).
-30
Let z(h) = h**2 + 85*h + 624. Calculate z(-8).
8
Let r(q) = 33*q - 3370. Calculate r(103).
29
Let a(i) = -2366*i - 7103. Calculate a(-3).
-5
Let r(k) = -119*k + 1313. Determine r(11).
4
Let x(h) = -101*h + 93. Calculate x(4).
-311
Let w(n) = n**2 - 5*n - 17. Determine w(8).
7
Let i(z) = z**3 + 2*z**2 - 112*z + 57. Calculate i(10).
137
Let r(b) = -50*b + 1186. Give r(16).
386
Let z(g) = 916*g - 911. Calculate z(1).
5
Let r(g) = 1985*g + 1970. Calculate r(-1).
-15
Let n(m) = m**3 - 8*m**2 - 2*m + 27. Determine n(5).
-58
Let t(j) = -7*j**2 + 913*j + 8. Calculate t(0).
8
Let d(m) = 2*m**2 + 1665*m - 6695. Give d(4).
-3
Let a(p) = 8*p**2 + 11*p - 38. Give a(3).
67
Let c(y) = -y**3 + 12*y**2 + 113*y - 146. Determine c(18).
-56
Let w(c) = -9*c**3 - 59*c**2 + 17*c - 86. What is w(-7)?
-9
Let z(q) = -2*q**3 - 9*q**2 - 54*q - 37. Give z(-4).
163
Let p(a) = 251*a + 9800. Give p(-39).
11
Let z(s) = -s - 99. Calculate z(-8).
-91
Let g(r) = -r**3 + 34*r**2 + 292*r + 42. Calculate g(-7).
7
Let y(l) = l**3 - 56*l**2 - 52*l - 295. Give y(57).
-10
Let m(y) = y**3 + 5*y**2 + 41*y + 144. What is m(-4)?
-4
Let x(d) = -74*d - 1. Calculate x(-3).
221
Let s(w) = -w**3 - 12*w**2 + 131*w - 29. Give s(-17).
-811
Let q(v) = -107*v - 3659. What is q(-35)?
86
Let m(z) = -184*z - 961. Determine m(-5).
-41
Let n(h) = -3*h**3 + 30*h**2 + 16*h - 5. Determine n(10).
155
Let r(l) = -2*l**3 + 11*l**2 + l - 31. What is r(5)?
-1
Let a(t) = -t**3 - 13*t**2 + 9*t + 62. Determine a(-12).
-190
Let a(y) = 82*y + 76. What is a(-2)?
-88
Let x(u) = 2790*u + 217615. What is x(-78)?
-5
Let n(p) = -p**2 - 30*p + 463. Determine n(13).
-96
Let q(j) = 632*j + 2552. Give q(-4).
24
Let k(t) = -54*t - 1444. What is k(-28)?
68
Let p(v) = -3*v**2 + 342*v - 109. Give p(114).
-109
Let k(j) = j**2 + 11*j - 4138. Give k(59).
-8
Let n(a) = -2*a**2 - 31*a - 119. What is n(-20)?
-299
Let j(s) = -2*s**2 - 2*s + 2597. Calculate j(-36).
77
Let c(k) = -2*k**2 - 36*k - 165. Give c(-10).
-5
Let d(l) = -24*l**2 - 28*l + 3. What is d(-1)?
7
Let q(f) = 47*f + 874. Calculate q(-17).
75
Let z(k) = 24*k - 435. Calculate z(18).
-3
Let i(p) = 2*p**2 - 155*p + 2956. Determine i(43).
-11
Let f(c) = -25*c**2 + 7370*c - 5887. Give f(294).
-7
Let d(n) = n**3 - 26*n**2 + 154*n + 25. Give d(14).
-171
Let b(p) = 231*p + 15216. What is b(-66)?
-30
Let k(f) = 6*f**3 + f**2 - 41*f + 79. What is k(2)?
49
Let h(w) = -2*w**2 + 126*w + 64. Determine h(65).
-196
Let l(f) = f**3 - 4*f**2 - 60*f + 53. Give l(10).
53
Let z(v) = -v**3 + 39*v**2 - 145*v + 1329. What is z(36)?
-3
Let g(h) = -235*h + 12459. Calculate g(53).
4
Let s(y) = 722*y - 1. Calculate s(0).
-1
Let m(o) = o**3 - o**2 - 126*o + 64. Calculate m(-11).
-2
Let h(r) = -2*r**3 - 18*r**2 + 22*r + 13. Give h(-10).
-7
Let o(t) = -4*t**2 + 74*t + 23. Calculate o(19).
-15
Let i(c) = 13*c**2 - 17*c - 272. Determine i(-4).
4
Let z(v) = 705*v - 166385. Determine z(236).
-5
Let t(a) = -a**3 - 84*a**2 + 635*a - 181. Give t(-91).
1
Let n(y) = -9*y**3 + 2*y**2 - 22*y - 24. Determine n(-1).
9
Let i(k) = 11*k**2 - 48*k + 9. Determine i(3).
-36
Let n(l) = 6*l + 54. Calculate n(2).
66
Let d(q) = 273*q - 2409. Calculate d(9).
48
Let x(l) = -1054*l + 126487. What is x(120)?
7
Let i(w) = -286*w - 8767. Determine i(-30).
-187
Let x(g) = -1155*g + 5746. What is x(5)?
-29
Let o(m) = m**2 - 21*m - 148. Calculate o(-6).
14
Let h(y) = 20*y**3 - 3*y**2 + 4*y + 4. Calculate h(-1).
-23
Let y(p) = -p**3 + 13*p**2 + 41*p - 2. What is y(16)?
-114
Let r(a) = a**3 + 31*a**2 + 30*a - 3. Give r(-30).
-3
Let d(o) = -2990*o + 71777. Determine d(24).
17
Let o(g) = g**2 + 423*g + 2859. Determine o(-7).
-53
Let q(t) = 1160*t - 6953. Calculate q(6).
7
Let w(q) = q**2 - 67*q + 342. Give w(57).
-228
Let d(z) = -3*z**3 - 127*z**2 + 137*z + 2193. Calculate d(-43).
0
Let a(w) = w**3 + 7*w**2 - 15*w - 1. What is a(3)?
44
Let o(k) = 11*k**2 - 327*k - 114. Calculate o(30).
-24
Let t(w) = 229*w - 2274. What is t(10)?
16
Let s(q) = 32*q - 358. Determine s(11).
-6
Let c(b) = 8*b**2 - 33*b - 1. Calculate c(0).
-1
Let b(o) = 59*o + 1061. Calculate b(-18).
-1
Let f(a) = 71*a**2 - 7*a + 11. Determine f(2).
281
Let f(p) = 2*p**2 + 11*p + 2. Give f(-8).
42
Let j(k) = k**3 + k**2 + k + 96. Determine j(0).
96
Let y(p) = 11*p**2 - 597*p + 97. What is y(54)?
-65
Let q(t) = -585*t - 170242. Calculate q(-291).
-7
Let z(r) = 12*r**2 - 420*r - 2405. What is z(40)?
-5
Let q(i) = -i**2 + 30*i - 169. What is q(8)?
7
Let t(g) = g**2 - 28*g - 446. Determine t(39).
-17
Let c(i) = 50*i**2 + 258*i - 11. What is c(-5)?
-51
Let k(q) = -q**3 - 11*q**2 + 84*q + 28. What is k(-16)?
-36
Let c(o) = -4*o**2 + 2*o + 84. Calculate c(5).
-6
Let a(z) = -z**3 + 46*z**2 + 17*z - 186. Determine a(46).
596
Let i(c) = -c**3 - 67*c**2 + 36*c + 6736. Calculate i(-66).
4
Let j(l) = -l**3 + 12*l**2 - 8*l + 17. Calculate j(9).
188
Let t(s) = -160*s**3 - 2*s**2 - 9*s + 10. Determine t(1).
-161
Let r(x) = -8*x**2 - 73*x - 23. What is r(-8)?
49
Let n(j) = -2*j**2 - 3*j + 55. Give n(-8).
-49
Le